 -4806 - -4751. Suppose 33 - 9 = 4*t. Is t/10 - 10912/c composite?
False
Suppose -5*p + 12 = -p. Suppose 5*r = p*h - 34, -4*r + r = h - 16. Is -13 + h + (-370)/(-2) a composite number?
True
Suppose -20*f + 234830 = -16*f + 2*k, -7 = k. Is f a composite number?
False
Is (-2)/(-26) - 21142053/(-1053) a composite number?
True
Let t(x) be the first derivative of -313*x**4/4 - 2*x**3/3 - 22. Let m be t(-1). Suppose 3*l + m + 349 = 3*f, 0 = -2*f - 5*l + 419. Is f a composite number?
True
Suppose 0 = 22*o + 51 + 213. Is 1842 - -3*(-20)/o a composite number?
False
Let q = 9298 - 6105. Suppose -2*h = -4*k + 6766, -4*h + q = 2*k - 205. Is k a prime number?
True
Let q(j) = -j**3 + 26*j**2 + 100*j - 311. Let b be q(29). Let r = 334 + -111. Let c = r - b. Is c prime?
True
Let h(i) = 26*i**3 + 2*i**2 - 9*i + 29. Let x be h(6). Suppose 3*u + 5*n = x, -2*u - 3790 = -4*u + 4*n. Is u a composite number?
True
Let n(t) be the third derivative of 0 + 0*t - 20*t**2 + 1/2*t**3 + 1/30*t**5 + 1/24*t**4. Is n(-4) a composite number?
False
Let c(p) = -2*p**2 + 3*p + 668. Let h be c(0). Let g = h + -321. Is g a composite number?
False
Let w = 13 + 7. Suppose 0 = -2*h + 28 - w. Suppose -h*a = -203 - 3473. Is a a composite number?
False
Let o(h) = 28*h**2 + 7*h + 86. Let i be o(-7). Suppose 245*y = 246*y - i. Is y a prime number?
True
Let s be (-1)/(((-855)/87)/(-5) + -2). Suppose s*i - 31*i = -64. Suppose i*g + 1240 = 40*g. Is g a composite number?
True
Let c(k) = -29*k**3 + 32*k**2 + 8*k - 16. Is c(-17) composite?
False
Suppose -5*z - 2*y = -105769, z + z - y = 42304. Is (22/(-11))/((-6)/z) a composite number?
True
Let r(o) = -228*o - 17. Let i = -94 - -106. Suppose 30 + i = -14*f. Is r(f) a composite number?
True
Suppose 0 = -14*t - 21*t + 750107 + 9533838. Is t a composite number?
False
Suppose -l = 5*a - 140115, -5*a = -l + 36642 + 103433. Is l a prime number?
False
Let y(u) = 260*u**2 - 42*u - 351. Is y(-23) prime?
False
Suppose n - 3*w - 124749 + 1495 = 0, -246532 = -2*n - 2*w. Is n composite?
True
Let v(n) = n + 4. Let j be v(5). Suppose -826 - 749 = -j*p. Suppose -2*y + p + 511 = -5*g, -y + 345 = -2*g. Is y composite?
False
Suppose 207*z - 30 = 202*z. Suppose -5*r + 21 = -4*r - 3*x, 2*x = 4*r - 74. Suppose r*d = z*d + 9852. Is d a prime number?
True
Suppose 0 = -30*r + 10*r - 12440. Let u = 1059 + r. Is u a prime number?
False
Let k = 40 - 36. Suppose -2*v + k*u + 5 = 7*u, u = -1. Is (1 - v)/(-3)*35 a composite number?
True
Let b = 294 + -274. Suppose 5*d + b = d, 0 = -2*c + 2*d + 1292. Is c prime?
True
Let n(k) = 122*k**2 - 7*k - 28. Let x be n(17). Suppose 5*h - 1 = 4*h, 0 = 4*i - 5*h - x. Is i a prime number?
True
Suppose -22*h - 1321 = t - 21*h, -3*h = -2*t - 2627. Let w = -1348 - -3792. Let g = w + t. Is g prime?
False
Let c = 18024 + -7810. Let t = -3192 + c. Is t composite?
True
Suppose 3*y = -16645 + 4975. Let g = 6517 + y. Is g a prime number?
False
Suppose 9*f = 13*f. Suppose 4*h = -3*o - 191, 2*h - h - 2*o + 56 = f. Is 838/5*h/(-20) prime?
True
Suppose 5*t - 46 + 17 = 2*s, -t - 4*s - 3 = 0. Suppose 2*n - 13 = -t. Suppose -b = -n*o - 7151, -o - 35755 = -b - 4*b. Is b prime?
True
Let x(w) = 107*w**3 - w**2 - 3*w - 4. Let g be x(-2). Let h = 1442 + g. Let r = 1243 - h. Is r composite?
False
Let z = 7931 - -1196. Is z prime?
True
Suppose -12*k = 101*k - 5877017. Is k a composite number?
False
Suppose 118 = 13*o - 454. Suppose 4*m - o = 96. Is m a prime number?
False
Let q(v) = 3*v + 55. Let n be q(-17). Suppose -n*h - 18 = -13*h. Suppose -3*w + 4*j = -4783, h*j - 4 = -0. Is w a prime number?
True
Let b(c) = -43*c + 45. Let l(s) = 22*s - 20. Let k(n) = -66*n + 61. Let x(j) = -3*k(j) - 8*l(j). Let y(p) = 6*b(p) + 13*x(p). Is y(16) a composite number?
False
Let b be (-7*(-13)/91)/(1/8). Suppose -c = -2*c. Is 4 - c/1 - b - -1563 a prime number?
True
Let m(v) = 14*v - 67 + 11*v - 64 + 147. Let j be m(3). Let z = j - 32. Is z composite?
False
Let c = 30 - 28. Suppose z - 4*i + c = -2*z, 4*i = 5*z - 10. Let f(u) = 3*u**3 - 7*u**2 + 3*u + 13. Is f(z) a prime number?
False
Is -4 + (-22626)/(-1*(10 + -3 - 6)) composite?
True
Let q = 9756 + 9661. Is q a composite number?
False
Let m(c) = -11724*c - 349. Is m(-3) a prime number?
False
Let s(q) = -8*q - 24. Let k be s(-7). Let a be 3 - (k/(-48) - 4/(-6)). Suppose -3*j - m = -7*j + 1983, 5*j = a*m + 2470. Is j composite?
True
Suppose 861 = f + 2*d, -4*d = -5*f - 9*d + 4300. Suppose a + b - 190 = 0, -5*a + 3*b + 115 = -f. Let m = 384 - a. Is m composite?
False
Suppose 2*h + f = 92440, 55*h - 54*h = 3*f + 46241. Is h a composite number?
True
Suppose 205*p - 377 = 648. Suppose -2*x - 4*j = -3*x, -4*x - 4*j = -100. Suppose -p*q - x = -q, f = 5*q + 216. Is f a prime number?
True
Let p(f) = -719*f - 1. Let w be p(1). Suppose 19*l - 28*l + 10791 = 0. Let x = l + w. Is x composite?
False
Suppose -3*w - 2*i + 96 = -16, 2*w - 63 = i. Suppose 0 = w*u - 38*u + 1776. Suppose -3*z = 4*o + z - 896, 2*o - 2*z - u = 0. Is o a prime number?
True
Is 16297 + 861/82*(-4)/7 prime?
False
Let b = -92 - -125. Suppose -35*a + 10 = -b*a. Suppose 0 = 9*q - 1994 + a. Is q a composite number?
True
Let j(t) = -t**3 - 7*t**2 + 300*t + 79. Is j(-44) a composite number?
False
Suppose -327*b = -332*b + 15. Is (25304/40)/((9/15)/b) a composite number?
False
Let x = 121915 + -42458. Is x composite?
True
Let s(q) = -q + 17. Let l(a) = 3*a - 35. Let b(i) = -2*l(i) - 5*s(i). Let f be b(-15). Suppose -2*y + v = 6*v - 858, -v + 4 = f. Is y composite?
False
Suppose -272*j + 270*j = -22664. Suppose 0*o = -4*o + j. Is o composite?
False
Let g(k) = -28*k**3 + 4*k**2 - 8*k + 19. Let d be 5/((-10)/8 + (-3)/(-12)). Is g(d) composite?
False
Let p(k) be the second derivative of -109*k**3/3 + 4*k**2 - 71*k. Is p(-3) prime?
False
Let o = -7284 + 43343. Is o a prime number?
False
Suppose 99*g = 100*g + q - 40045, 0 = 4*g - 4*q - 160212. Is g a composite number?
True
Let t = -232957 - -328476. Is t prime?
False
Is (-17 + -249)*-268 - 15 a composite number?
True
Suppose -2*o + 80071 = 3*w - 162747, -o + 121387 = -4*w. Is o prime?
True
Is (-3 - -7 - (3 - 1))*(-2590599)/(-174) prime?
False
Suppose 2178 = -34*b + 36*b - 4*c, -4*b + c = -4377. Suppose 16 = 4*j, 0*x + 5*x = -4*j + 25346. Suppose -593 = -k - w + b, -5*w + x = 3*k. Is k a prime number?
False
Let s be 1 + -25 + (-13 - -17). Let n be (-4 - -2) + 9/(36/56). Is (-2528)/(-20) - n/s a prime number?
True
Let r = -52 - -46. Let k(n) = n**3 + 3*n**2 - n + 3. Let z be k(r). Let b = 262 + z. Is b a composite number?
False
Let z = 54 + -49. Suppose 0 = 5*w + 15, v - 6*v + 16 = 3*w. Suppose z*k - 12495 = v*s, 3*k - 7*k + 10008 = -s. Is k prime?
True
Let n be -3 + -1 - (6 + -13). Let x(s) = 42*s**2 - 2*s - 1. Let h be x(n). Let d = 1284 + h. Is d a composite number?
True
Suppose -30*w + 29*w - 3*d = -3, -4*w = d - 12. Is w + -9 - (-18276 - -1) a composite number?
False
Suppose -9*x + 8*x = -5*g + 4358501, -12*x = 3*g - 2615025. Is g a prime number?
False
Let n = -224597 - -645774. Is n a prime number?
True
Let y(i) = -3*i + 1. Let u be y(1). Let d be (3 + -1)*u/1. Is (-1874)/d*(-6 + (0 - -8)) prime?
True
Let m(l) = -l**2 - l + 1. Let v(u) = 63*u**2 - 5*u + 7. Let o(r) = -2*m(r) + v(r). Suppose 12 = 24*y - 18*y. Is o(y) prime?
False
Suppose 4*t = 5*s - 1015 - 2703, 2*s + 2*t - 1498 = 0. Let n = 375 - 167. Suppose -5*l - 304 = -5*z + s, z - 3*l - n = 0. Is z prime?
True
Let w(c) = -54*c + 16. Let t be w(-4). Suppose 22*o - 30*o = -t. Let u = o - -353. Is u composite?
True
Suppose 0 = -3*m + 3*x + 9675, 7*m - 8*m + 3*x + 3227 = 0. Suppose 0 = -7*f + 3*f + m. Is (-5)/(-10) + f/4 prime?
False
Let r = -27851 - -116004. Is r a prime number?
False
Let y(f) = 2764*f + 8. Let w be y(1). Suppose 2*t - 3495 = -5*s, 5*s - w = -4*t + 713. Is s composite?
False
Suppose -4*q = 12*a - 9*a - 47, -3*a + 7 = -q. Suppose 3*x - 8 = x. Suppose -q*g + x*g + 1304 = 0. Is g a prime number?
False
Suppose -n - 6615010 = -5*u, 1105967 = -2*u + 6*n + 3751999. Is u composite?
False
Let b(i) = -49*i - 1. Let d be b(-3). Let s = d + -68. Suppose y - o = 3*y - 66, s = 2*y + 4*o. Is y composite?
False
Let u be -1 + (-1 + -3)/4. Let z be (0 + -4)*1/u. Suppose -z*m = t - 321, -2 + 0 = 2*t. Is m composite?
True
Let r be ((0/3)/6)/(7 + -5). Suppose s + 10775 = 3*